{"id":1437,"date":"2013-09-06T15:19:20","date_gmt":"2013-09-06T15:19:20","guid":{"rendered":"http:\/\/impreza.us-themes.net\/pages\/contact-2\/"},"modified":"2024-03-12T16:30:54","modified_gmt":"2024-03-12T15:30:54","slug":"contact-2","status":"publish","type":"page","link":"https:\/\/www.kaffeemaschinen-mieten.ch\/?page_id=1437","title":{"rendered":"Kontakt"},"content":{"rendered":"<section class=\"l-section wpb_row us_custom_f0df4b5b height_medium color_primary with_img parallax_ver\"><div class=\"l-section-img\" role=\"img\" style=\"background-image: url(https:\/\/www.kaffeemaschinen-mieten.ch\/wp-content\/plugins\/us-core\/assets\/images\/placeholder.svg);background-size: auto;\"><\/div><div class=\"l-section-overlay\" style=\"background:rgba(0,0,0,0.55)\"><\/div><div class=\"l-section-h i-cf\"><div class=\"g-cols vc_row via_grid cols_1 laptops-cols_inherit tablets-cols_inherit mobiles-cols_1 valign_top type_default stacking_default\"><div class=\"wpb_column vc_column_container us_custom_fdc13b1c has_bg_color\"><div class=\"vc_column-inner\"><div class=\"wpb_text_column\"><div class=\"wpb_wrapper\"><h1 style=\"text-align: center;\">Wir freuen uns auf Ihren Kontakt!<\/h1>\n<\/div><\/div><div class=\"w-iconbox align_center iconpos_top style_default color_custom no_text no_title\"><div class=\"w-iconbox-icon\" style=\"font-size:24px;--icon-color:#ffffff;\"><i class=\"fas fa-arrow-down\"><\/i><\/div><div class=\"w-iconbox-meta\"><\/div><\/div><\/div><\/div><\/div><\/div><\/section><section class=\"l-section wpb_row height_medium\"><div class=\"l-section-h i-cf\"><div class=\"g-cols vc_row via_grid cols_2 laptops-cols_inherit tablets-cols_inherit mobiles-cols_1 valign_top type_default stacking_default\"><div class=\"wpb_column vc_column_container\"><div class=\"vc_column-inner\"><div class=\"wpb_text_column\"><div class=\"wpb_wrapper\"><p>Kontakt Infos<\/p>\n<\/div><\/div><div class=\"w-contacts\"><div class=\"w-contacts-list\"><div class=\"w-contacts-item for_address\"><span class=\"w-contacts-item-value\">Avidox AG * B\u00fcntenweg 14 * 4702 Oensingen, Schweiz<\/span><\/div><div class=\"w-contacts-item for_phone\"><span class=\"w-contacts-item-value\">+41 79 322 62 62<\/span><\/div><div class=\"w-contacts-item for_email\"><span class=\"w-contacts-item-value\"><a href=\"mailto:info@kaffeemaschinen-mieten.ch\">info@kaffeemaschinen-mieten.ch<\/a><\/span><\/div><\/div><\/div><div class=\"w-separator size_medium\"><\/div><\/div><\/div><div class=\"wpb_column vc_column_container\"><div class=\"vc_column-inner\"><div class=\"wpb_text_column\"><div class=\"wpb_wrapper\"><h4>Senden Sie uns eine Nachricht<\/h4>\n<\/div><\/div><form class=\"w-form  layout_ver for_cform us_form_1\" autocomplete=\"off\" action=\"https:\/\/www.kaffeemaschinen-mieten.ch\/index.php?rest_route=%2Fwp%2Fv2%2Fpages%2F1437\" method=\"post\"><div class=\"w-form-h\"><div class=\"w-form-row for_text required with_icon\">\r\n\t\t<div class=\"w-form-row-field\">\r\n\t\t\t\t<i class=\"far fa-user\"><\/i>\t\t<input aria-label=\"Name\" type=\"text\" name=\"us_form_1_text_1\" value placeholder=\"Name *\" data-required=\"true\" aria-required=\"true\"\/>\r\n\t\t\t<\/div>\r\n\t\t<div class=\"w-form-row-state\">Bitte f\u00fcllen Sie dieses Feld aus.<\/div>\r\n<\/div>\r\n<div class=\"w-form-row for_text required with_icon\">\r\n\t\t<div class=\"w-form-row-field\">\r\n\t\t\t\t<i class=\"far fa-envelope\"><\/i>\t\t<input aria-label=\"E-Mail\" type=\"text\" name=\"us_form_1_text_2\" value placeholder=\"E-Mail *\" data-required=\"true\" aria-required=\"true\"\/>\r\n\t\t\t<\/div>\r\n\t\t<div class=\"w-form-row-state\">Bitte f\u00fcllen Sie dieses Feld aus.<\/div>\r\n<\/div>\r\n<div class=\"w-form-row for_text with_icon\">\r\n\t\t<div class=\"w-form-row-field\">\r\n\t\t\t\t<i class=\"far fa-phone\"><\/i>\t\t<input aria-label=\"Telefonnummer\" type=\"text\" name=\"us_form_1_text_3\" value placeholder=\"Telefonnummer\"\/>\r\n\t\t\t<\/div>\r\n\t\t<div class=\"w-form-row-state\">Bitte f\u00fcllen Sie dieses Feld aus.<\/div>\r\n<\/div>\r\n<div class=\"w-form-row for_textarea required with_icon\">\r\n\t\t<div class=\"w-form-row-field\">\r\n\t\t\t\t<i class=\"far fa-pencil\"><\/i>\t\t<textarea aria-label=\"Nachricht\" name=\"us_form_1_textarea_1\" placeholder=\"Nachricht *\" data-required=\"true\" aria-required=\"true\"><\/textarea>\r\n\t\t\t<\/div>\r\n\t\t<div class=\"w-form-row-state\">Bitte f\u00fcllen Sie dieses Feld aus.<\/div>\r\n<\/div>\r\n<input type=\"hidden\" name=\"action\" value=\"us_ajax_cform\" \/>\r\n<input type=\"hidden\" name=\"post_id\" value=\"0\" \/>\r\n<input type=\"hidden\" name=\"form_index\" value=\"1\" \/>\r\n<div class=\"w-form-row for_submit align_none\">\r\n\t<button class=\"w-btn  us-btn-style_3\" aria-label=\"Nachricht senden\" type=\"submit\">\r\n\t\t<span class=\"g-preloader type_1\"><\/span>\r\n\t\t\t\t<span class=\"w-btn-label\">Nachricht senden<\/span>\r\n\t\t\t<\/button>\r\n\t<\/div>\r\n<\/div><div class=\"w-form-message\"><\/div><div class=\"w-form-json hidden\" onclick='return {&quot;ajaxurl&quot;:&quot;https:\\\/\\\/www.kaffeemaschinen-mieten.ch\\\/wp-admin\\\/admin-ajax.php&quot;,&quot;messages&quot;:{&quot;err_empty&quot;:&quot;Bitte f\\u00fcllen Sie dieses Feld aus.&quot;,&quot;err_size&quot;:&quot;Die Dateigr\\u00f6\\u00dfe darf %s MB nicht \\u00fcberschreiten&quot;,&quot;err_extension&quot;:&quot;Dateityp %s ist nicht zul\\u00e4ssig&quot;}}'><\/div><\/form><\/div><\/div><\/div><\/div><\/section>\n","protected":false},"excerpt":{"rendered":"Wir freuen uns auf Ihren Kontakt! Kontakt Infos Avidox AG * B\u00fcntenweg 14 * 4702 Oensingen, Schweiz+41 79 322 62 62info@kaffeemaschinen-mieten.chSenden Sie uns eine Nachricht Bitte f\u00fcllen Sie dieses Feld aus. Bitte f\u00fcllen Sie dieses Feld aus. Bitte f\u00fcllen Sie dieses Feld aus. Bitte f\u00fcllen Sie dieses Feld aus. Nachricht senden","protected":false},"author":1,"featured_media":0,"parent":0,"menu_order":0,"comment_status":"closed","ping_status":"closed","template":"","meta":{"footnotes":""},"_links":{"self":[{"href":"https:\/\/www.kaffeemaschinen-mieten.ch\/index.php?rest_route=\/wp\/v2\/pages\/1437"}],"collection":[{"href":"https:\/\/www.kaffeemaschinen-mieten.ch\/index.php?rest_route=\/wp\/v2\/pages"}],"about":[{"href":"https:\/\/www.kaffeemaschinen-mieten.ch\/index.php?rest_route=\/wp\/v2\/types\/page"}],"author":[{"embeddable":true,"href":"https:\/\/www.kaffeemaschinen-mieten.ch\/index.php?rest_route=\/wp\/v2\/users\/1"}],"replies":[{"embeddable":true,"href":"https:\/\/www.kaffeemaschinen-mieten.ch\/index.php?rest_route=%2Fwp%2Fv2%2Fcomments&post=1437"}],"version-history":[{"count":33,"href":"https:\/\/www.kaffeemaschinen-mieten.ch\/index.php?rest_route=\/wp\/v2\/pages\/1437\/revisions"}],"predecessor-version":[{"id":7558,"href":"https:\/\/www.kaffeemaschinen-mieten.ch\/index.php?rest_route=\/wp\/v2\/pages\/1437\/revisions\/7558"}],"wp:attachment":[{"href":"https:\/\/www.kaffeemaschinen-mieten.ch\/index.php?rest_route=%2Fwp%2Fv2%2Fmedia&parent=1437"}],"curies":[{"name":"wp","href":"https:\/\/api.w.org\/{rel}","templated":true}]}}

<section class="l-section wpb_row us_custom_f0df4b5b height_medium color_primary with_img parallax_ver"><div class="l-section-img" role="img" style="background-image: url(https://www.kaffeemaschinen-mieten.ch/wp-content/plugins/us-core/assets/images/placeholder.svg);background-size: auto;"></div><div class="l-section-overlay" style="background:rgba(0,0,0,0.55)"></div><div class="l-section-h i-cf"><div class="g-cols vc_row via_grid cols_1 laptops-cols_inherit tablets-cols_inherit mobiles-cols_1 valign_top type_default stacking_default"><div class="wpb_column vc_column_container us_custom_fdc13b1c has_bg_color"><div class="vc_column-inner"><div class="wpb_text_column"><div class="wpb_wrapper"><h1 style="text-align: center;">Wir freuen uns auf Ihren Kontakt!</h1>
</div></div><div class="w-iconbox align_center iconpos_top style_default color_custom no_text no_title"><div class="w-iconbox-icon" style="font-size:24px;--icon-color:#ffffff;"><i class="fas fa-arrow-down"></i></div><div class="w-iconbox-meta"></div></div></div></div></div></div></section><section class="l-section wpb_row height_medium"><div class="l-section-h i-cf"><div class="g-cols vc_row via_grid cols_2 laptops-cols_inherit tablets-cols_inherit mobiles-cols_1 valign_top type_default stacking_default"><div class="wpb_column vc_column_container"><div class="vc_column-inner"><div class="wpb_text_column"><div class="wpb_wrapper"><p>Kontakt Infos</p>
</div></div><div class="w-contacts"><div class="w-contacts-list"><div class="w-contacts-item for_address"><span class="w-contacts-item-value">Avidox AG * Büntenweg 14 * 4702 Oensingen, Schweiz</span></div><div class="w-contacts-item for_phone"><span class="w-contacts-item-value">+41 79 322 62 62</span></div><div class="w-contacts-item for_email"><span class="w-contacts-item-value"><a href="mailto:info@kaffeemaschinen-mieten.ch">info@kaffeemaschinen-mieten.ch</a></span></div></div></div><div class="w-separator size_medium"></div></div></div><div class="wpb_column vc_column_container"><div class="vc_column-inner"><div class="wpb_text_column"><div class="wpb_wrapper"><h4>Senden Sie uns eine Nachricht</h4>
</div></div><form class="w-form  layout_ver for_cform us_form_1" autocomplete="off" action="https://www.kaffeemaschinen-mieten.ch/index.php?rest_route=%2Fwp%2Fv2%2Fpages%2F1437" method="post"><div class="w-form-h"><div class="w-form-row for_text required with_icon">
		<div class="w-form-row-field">
				<i class="far fa-user"></i>		<input aria-label="Name" type="text" name="us_form_1_text_1" value placeholder="Name *" data-required="true" aria-required="true"/>
			</div>
		<div class="w-form-row-state">Bitte füllen Sie dieses Feld aus.</div>
</div>
<div class="w-form-row for_text required with_icon">
		<div class="w-form-row-field">
				<i class="far fa-envelope"></i>		<input aria-label="E-Mail" type="text" name="us_form_1_text_2" value placeholder="E-Mail *" data-required="true" aria-required="true"/>
			</div>
		<div class="w-form-row-state">Bitte füllen Sie dieses Feld aus.</div>
</div>
<div class="w-form-row for_text with_icon">
		<div class="w-form-row-field">
				<i class="far fa-phone"></i>		<input aria-label="Telefonnummer" type="text" name="us_form_1_text_3" value placeholder="Telefonnummer"/>
			</div>
		<div class="w-form-row-state">Bitte füllen Sie dieses Feld aus.</div>
</div>
<div class="w-form-row for_textarea required with_icon">
		<div class="w-form-row-field">
				<i class="far fa-pencil"></i>		<textarea aria-label="Nachricht" name="us_form_1_textarea_1" placeholder="Nachricht *" data-required="true" aria-required="true"></textarea>
			</div>
		<div class="w-form-row-state">Bitte füllen Sie dieses Feld aus.</div>
</div>
<input type="hidden" name="action" value="us_ajax_cform" />
<input type="hidden" name="post_id" value="0" />
<input type="hidden" name="form_index" value="1" />
<div class="w-form-row for_submit align_none">
	<button class="w-btn  us-btn-style_3" aria-label="Nachricht senden" type="submit">
		<span class="g-preloader type_1"></span>
				<span class="w-btn-label">Nachricht senden</span>
			</button>
	</div>
</div><div class="w-form-message"></div><div class="w-form-json hidden" onclick='return {&quot;ajaxurl&quot;:&quot;https:\/\/www.kaffeemaschinen-mieten.ch\/wp-admin\/admin-ajax.php&quot;,&quot;messages&quot;:{&quot;err_empty&quot;:&quot;Bitte f\u00fcllen Sie dieses Feld aus.&quot;,&quot;err_size&quot;:&quot;Die Dateigr\u00f6\u00dfe darf %s MB nicht \u00fcberschreiten&quot;,&quot;err_extension&quot;:&quot;Dateityp %s ist nicht zul\u00e4ssig&quot;}}'></div></form></div></div></div></div></section>

Wir freuen uns auf Ihren Kontakt! Kontakt Infos Avidox AG * Büntenweg 14 * 4702 Oensingen, Schweiz+41 79 322 62 62info@kaffeemaschinen-mieten.chSenden Sie uns eine Nachricht Bitte füllen Sie dieses Feld aus. Bitte füllen Sie dieses Feld aus. Bitte füllen Sie dieses Feld aus. Bitte füllen Sie dieses Feld aus. Nachricht senden
