{"id":5791,"date":"2013-05-31T08:44:43","date_gmt":"2013-05-31T08:44:43","guid":{"rendered":"http:\/\/impreza.us-themes.net\/"},"modified":"2024-02-28T15:48:43","modified_gmt":"2024-02-28T14:48:43","slug":"sample-page-2","status":"publish","type":"page","link":"https:\/\/www.kaffeemaschinen-mieten.ch\/","title":{"rendered":"Home"},"content":{"rendered":"<section class=\"l-section wpb_row height_auto width_full color_primary\"><div class=\"l-section-h i-cf\"><div class=\"g-cols vc_row via_grid cols_1 laptops-cols_inherit tablets-cols_inherit mobiles-cols_1 valign_top type_default stacking_default\"><div class=\"wpb_column vc_column_container us_custom_733cf2a7 has_bg_color\"><div class=\"vc_column-inner\">[rev_slider_vc alias=&#8220;homeslieder-neu-1&#8243;]<\/div><\/div><\/div><\/div><\/section><section class=\"l-section wpb_row height_medium\"><div class=\"l-section-h i-cf\"><div class=\"g-cols vc_row via_grid cols_1 laptops-cols_inherit tablets-cols_inherit mobiles-cols_1 valign_top type_default stacking_default\"><div class=\"wpb_column vc_column_container\"><div class=\"vc_column-inner\"><div class=\"wpb_text_column\"><div class=\"wpb_wrapper\"><h2 style=\"text-align: center;\"><a ref=\"magnificPopup\" href=\"http:\/\/www.kaffeemaschinen-mieten.ch\/wp-content\/uploads\/2017\/03\/Startbild.jpg\"><img loading=\"lazy\" decoding=\"async\" class=\"size-medium wp-image-5809 aligncenter\" src=\"http:\/\/www.kaffeemaschinen-mieten.ch\/wp-content\/uploads\/2017\/03\/Startbild-300x225.jpg\" alt=\"\" width=\"300\" height=\"225\" srcset=\"https:\/\/www.kaffeemaschinen-mieten.ch\/wp-content\/uploads\/2017\/03\/Startbild-300x225.jpg 300w, https:\/\/www.kaffeemaschinen-mieten.ch\/wp-content\/uploads\/2017\/03\/Startbild-768x576.jpg 768w, https:\/\/www.kaffeemaschinen-mieten.ch\/wp-content\/uploads\/2017\/03\/Startbild-1024x768.jpg 1024w, https:\/\/www.kaffeemaschinen-mieten.ch\/wp-content\/uploads\/2017\/03\/Startbild-600x450.jpg 600w, https:\/\/www.kaffeemaschinen-mieten.ch\/wp-content\/uploads\/2017\/03\/Startbild.jpg 1280w\" sizes=\"(max-width: 300px) 100vw, 300px\" \/><\/a><\/h2>\n<h2 style=\"text-align: center;\">Ein Anlass ohne Kaffee ist nur halb gelungen!!<\/h2>\n<p style=\"text-align: center;\">Wir\u00a0vermieten Kaffeemaschinen und Zubeh\u00f6r f\u00fcr Events und Feste, damit Ihr n\u00e4chster Anlass garantiert ein voller Erfolg wird.<\/p>\n<p style=\"text-align: center;\">Alle Kaffeemaschinen, die wir vermieten, werden regelm\u00e4\u00dfig gewartet und gepr\u00fcft, um Ihnen die n\u00f6tige Sicherheit und Zuverl\u00e4ssigkeit zu gew\u00e4hrleisten.<\/p>\n<p style=\"text-align: center;\">Bei uns profitieren Sie von Lieferung und Abholung zu g\u00fcnstigen Preisen, und\u00a0der M\u00f6glichkeit zu kurz- und langfristiger Miete sowie fairen Mietgeb\u00fchren.<\/p>\n<p style=\"text-align: center;\">Sehen Sie sich unseren Online-Katalog mit\u00a0Ger\u00e4ten und Zubeh\u00f6r an oder\u00a0 rufen Sie uns unter 079 322 62 62 an, um sich unverbindlich beraten zu lassen. Wir helfen Ihnen gerne weiter.<\/p>\n<h4 style=\"text-align: center;\">\u00a0\u00a0\u00a0\u00a0\u00a0\u00a0\u00a0\u00a0\u00a0\u00a0\u00a0\u00a0\u00a0\u00a0<em><strong>Eine Kaffeemaschine mieten lohnt sich !!<\/strong><\/em><\/h4>\n<\/div><\/div><\/div><\/div><\/div><\/div><\/section><section class=\"l-section wpb_row height_auto\" id=\"third\"><div class=\"l-section-h i-cf\"><div class=\"g-cols vc_row via_grid cols_1 laptops-cols_inherit tablets-cols_inherit mobiles-cols_1 valign_top type_default stacking_default\"><div class=\"wpb_column vc_column_container\"><div class=\"vc_column-inner\"><div class=\"w-separator size_huge\"><\/div><div class=\"wpb_text_column\"><div class=\"wpb_wrapper\"><h2 style=\"text-align: center;\">Einige Vorteile die wir Ihnen bieten<\/h2>\n<\/div><\/div><div class=\"w-separator size_large\"><\/div><div class=\"g-cols wpb_row via_grid cols_4 laptops-cols_inherit tablets-cols_inherit mobiles-cols_1 valign_top type_default stacking_default\" style=\"--gap:3rem;\"><div class=\"wpb_column vc_column_container\"><div class=\"vc_column-inner\"><div class=\"w-iconbox iconpos_left style_default color_primary align_left\"><div class=\"w-iconbox-icon\" style=\"font-size:2rem;\"><i class=\"far fa-thumbs-up\"><\/i><\/div><div class=\"w-iconbox-meta\"><h4 class=\"w-iconbox-title\">Umfassende Beratung<\/h4><div class=\"w-iconbox-text\"><p>\u00dcber 10 Jahre Erfahrung f\u00fcr Events und Dauermiete<\/p>\n<\/div><\/div><\/div><\/div><\/div><div class=\"wpb_column vc_column_container\"><div class=\"vc_column-inner\"><div class=\"w-iconbox iconpos_left style_default color_primary align_left\"><div class=\"w-iconbox-icon\" style=\"font-size:2rem;\"><i class=\"far fa-thumbs-up\"><\/i><\/div><div class=\"w-iconbox-meta\"><h4 class=\"w-iconbox-title\">Zuverl\u00e4ssigkeit<\/h4><div class=\"w-iconbox-text\"><p>Sie erhalten bei uns einen zuverl\u00e4ssigen Service.<\/p>\n<\/div><\/div><\/div><\/div><\/div><div class=\"wpb_column vc_column_container\"><div class=\"vc_column-inner\"><div class=\"w-iconbox iconpos_left style_default color_primary align_left\"><div class=\"w-iconbox-icon\" style=\"font-size:2rem;\"><i class=\"far fa-thumbs-up\"><\/i><\/div><div class=\"w-iconbox-meta\"><h4 class=\"w-iconbox-title\">Hohe Qualit\u00e4t<\/h4><div class=\"w-iconbox-text\"><p>Unsere Produkte sind stets auf dem h\u00f6chsten Qualit\u00e4tsstandard.<\/p>\n<\/div><\/div><\/div><\/div><\/div><div class=\"wpb_column vc_column_container\"><div class=\"vc_column-inner\"><div class=\"w-iconbox iconpos_left style_default color_primary align_left\"><div class=\"w-iconbox-icon\" style=\"font-size:2rem;\"><i class=\"far fa-thumbs-up\"><\/i><\/div><div class=\"w-iconbox-meta\"><h4 class=\"w-iconbox-title\">Pers\u00f6nlicher Ansprechpartner<\/h4><div class=\"w-iconbox-text\"><p>Wenn Sie bei uns Ger\u00e4te mieten, haben Sie immer einen direkten Ansprechpartner.<\/p>\n<\/div><\/div><\/div><\/div><\/div><\/div><div class=\"w-separator size_medium\"><\/div><\/div><\/div><\/div><\/div><\/section>\n","protected":false},"excerpt":{"rendered":"[rev_slider_vc alias=\"homeslieder-neu-1\"] Ein Anlass ohne Kaffee ist nur halb gelungen!! Wir\u00a0vermieten Kaffeemaschinen und Zubeh\u00f6r f\u00fcr Events und Feste, damit Ihr n\u00e4chster Anlass garantiert ein voller Erfolg wird. Alle Kaffeemaschinen, die wir vermieten, werden regelm\u00e4\u00dfig gewartet und gepr\u00fcft, um Ihnen die n\u00f6tige Sicherheit und Zuverl\u00e4ssigkeit zu gew\u00e4hrleisten. Bei uns profitieren Sie von Lieferung und Abholung zu...","protected":false},"author":1,"featured_media":0,"parent":0,"menu_order":0,"comment_status":"closed","ping_status":"closed","template":"","meta":{"footnotes":""},"_links":{"self":[{"href":"https:\/\/www.kaffeemaschinen-mieten.ch\/index.php?rest_route=\/wp\/v2\/pages\/5791"}],"collection":[{"href":"https:\/\/www.kaffeemaschinen-mieten.ch\/index.php?rest_route=\/wp\/v2\/pages"}],"about":[{"href":"https:\/\/www.kaffeemaschinen-mieten.ch\/index.php?rest_route=\/wp\/v2\/types\/page"}],"author":[{"embeddable":true,"href":"https:\/\/www.kaffeemaschinen-mieten.ch\/index.php?rest_route=\/wp\/v2\/users\/1"}],"replies":[{"embeddable":true,"href":"https:\/\/www.kaffeemaschinen-mieten.ch\/index.php?rest_route=%2Fwp%2Fv2%2Fcomments&post=5791"}],"version-history":[{"count":18,"href":"https:\/\/www.kaffeemaschinen-mieten.ch\/index.php?rest_route=\/wp\/v2\/pages\/5791\/revisions"}],"predecessor-version":[{"id":6034,"href":"https:\/\/www.kaffeemaschinen-mieten.ch\/index.php?rest_route=\/wp\/v2\/pages\/5791\/revisions\/6034"}],"wp:attachment":[{"href":"https:\/\/www.kaffeemaschinen-mieten.ch\/index.php?rest_route=%2Fwp%2Fv2%2Fmedia&parent=5791"}],"curies":[{"name":"wp","href":"https:\/\/api.w.org\/{rel}","templated":true}]}}

<section class="l-section wpb_row height_auto width_full color_primary"><div class="l-section-h i-cf"><div class="g-cols vc_row via_grid cols_1 laptops-cols_inherit tablets-cols_inherit mobiles-cols_1 valign_top type_default stacking_default"><div class="wpb_column vc_column_container us_custom_733cf2a7 has_bg_color"><div class="vc_column-inner">[rev_slider_vc alias=&#8220;homeslieder-neu-1&#8243;]</div></div></div></div></section><section class="l-section wpb_row height_medium"><div class="l-section-h i-cf"><div class="g-cols vc_row via_grid cols_1 laptops-cols_inherit tablets-cols_inherit mobiles-cols_1 valign_top type_default stacking_default"><div class="wpb_column vc_column_container"><div class="vc_column-inner"><div class="wpb_text_column"><div class="wpb_wrapper"><h2 style="text-align: center;"><a ref="magnificPopup" href="http://www.kaffeemaschinen-mieten.ch/wp-content/uploads/2017/03/Startbild.jpg"><img loading="lazy" decoding="async" class="size-medium wp-image-5809 aligncenter" src="http://www.kaffeemaschinen-mieten.ch/wp-content/uploads/2017/03/Startbild-300x225.jpg" alt="" width="300" height="225" srcset="https://www.kaffeemaschinen-mieten.ch/wp-content/uploads/2017/03/Startbild-300x225.jpg 300w, https://www.kaffeemaschinen-mieten.ch/wp-content/uploads/2017/03/Startbild-768x576.jpg 768w, https://www.kaffeemaschinen-mieten.ch/wp-content/uploads/2017/03/Startbild-1024x768.jpg 1024w, https://www.kaffeemaschinen-mieten.ch/wp-content/uploads/2017/03/Startbild-600x450.jpg 600w, https://www.kaffeemaschinen-mieten.ch/wp-content/uploads/2017/03/Startbild.jpg 1280w" sizes="(max-width: 300px) 100vw, 300px" /></a></h2>
<h2 style="text-align: center;">Ein Anlass ohne Kaffee ist nur halb gelungen!!</h2>
<p style="text-align: center;">Wir vermieten Kaffeemaschinen und Zubehör für Events und Feste, damit Ihr nächster Anlass garantiert ein voller Erfolg wird.</p>
<p style="text-align: center;">Alle Kaffeemaschinen, die wir vermieten, werden regelmäßig gewartet und geprüft, um Ihnen die nötige Sicherheit und Zuverlässigkeit zu gewährleisten.</p>
<p style="text-align: center;">Bei uns profitieren Sie von Lieferung und Abholung zu günstigen Preisen, und der Möglichkeit zu kurz- und langfristiger Miete sowie fairen Mietgebühren.</p>
<p style="text-align: center;">Sehen Sie sich unseren Online-Katalog mit Geräten und Zubehör an oder  rufen Sie uns unter 079 322 62 62 an, um sich unverbindlich beraten zu lassen. Wir helfen Ihnen gerne weiter.</p>
<h4 style="text-align: center;">              <em><strong>Eine Kaffeemaschine mieten lohnt sich !!</strong></em></h4>
</div></div></div></div></div></div></section><section class="l-section wpb_row height_auto" id="third"><div class="l-section-h i-cf"><div class="g-cols vc_row via_grid cols_1 laptops-cols_inherit tablets-cols_inherit mobiles-cols_1 valign_top type_default stacking_default"><div class="wpb_column vc_column_container"><div class="vc_column-inner"><div class="w-separator size_huge"></div><div class="wpb_text_column"><div class="wpb_wrapper"><h2 style="text-align: center;">Einige Vorteile die wir Ihnen bieten</h2>
</div></div><div class="w-separator size_large"></div><div class="g-cols wpb_row via_grid cols_4 laptops-cols_inherit tablets-cols_inherit mobiles-cols_1 valign_top type_default stacking_default" style="--gap:3rem;"><div class="wpb_column vc_column_container"><div class="vc_column-inner"><div class="w-iconbox iconpos_left style_default color_primary align_left"><div class="w-iconbox-icon" style="font-size:2rem;"><i class="far fa-thumbs-up"></i></div><div class="w-iconbox-meta"><h4 class="w-iconbox-title">Umfassende Beratung</h4><div class="w-iconbox-text"><p>Über 10 Jahre Erfahrung für Events und Dauermiete</p>
</div></div></div></div></div><div class="wpb_column vc_column_container"><div class="vc_column-inner"><div class="w-iconbox iconpos_left style_default color_primary align_left"><div class="w-iconbox-icon" style="font-size:2rem;"><i class="far fa-thumbs-up"></i></div><div class="w-iconbox-meta"><h4 class="w-iconbox-title">Zuverlässigkeit</h4><div class="w-iconbox-text"><p>Sie erhalten bei uns einen zuverlässigen Service.</p>
</div></div></div></div></div><div class="wpb_column vc_column_container"><div class="vc_column-inner"><div class="w-iconbox iconpos_left style_default color_primary align_left"><div class="w-iconbox-icon" style="font-size:2rem;"><i class="far fa-thumbs-up"></i></div><div class="w-iconbox-meta"><h4 class="w-iconbox-title">Hohe Qualität</h4><div class="w-iconbox-text"><p>Unsere Produkte sind stets auf dem höchsten Qualitätsstandard.</p>
</div></div></div></div></div><div class="wpb_column vc_column_container"><div class="vc_column-inner"><div class="w-iconbox iconpos_left style_default color_primary align_left"><div class="w-iconbox-icon" style="font-size:2rem;"><i class="far fa-thumbs-up"></i></div><div class="w-iconbox-meta"><h4 class="w-iconbox-title">Persönlicher Ansprechpartner</h4><div class="w-iconbox-text"><p>Wenn Sie bei uns Geräte mieten, haben Sie immer einen direkten Ansprechpartner.</p>
</div></div></div></div></div></div><div class="w-separator size_medium"></div></div></div></div></div></section>

[rev_slider_vc alias="homeslieder-neu-1"] Ein Anlass ohne Kaffee ist nur halb gelungen!! Wir vermieten Kaffeemaschinen und Zubehör für Events und Feste, damit Ihr nächster Anlass garantiert ein voller Erfolg wird. Alle Kaffeemaschinen, die wir vermieten, werden regelmäßig gewartet und geprüft, um Ihnen die nötige Sicherheit und Zuverlässigkeit zu gewährleisten. Bei uns profitieren Sie von Lieferung und Abholung zu...
